{"id":462,"date":"2015-02-27T01:10:24","date_gmt":"2015-02-27T06:10:24","guid":{"rendered":"http:\/\/csim.ca\/wp\/?page_id=462"},"modified":"2024-03-07T01:06:36","modified_gmt":"2024-03-07T06:06:36","slug":"formation","status":"publish","type":"page","link":"https:\/\/csim.ca\/fr\/formation\/","title":{"rendered":"Le point sur la formation dans la sursp\u00e9cialit\u00e9 de la m\u00e9decine interne g\u00e9n\u00e9rale"},"content":{"rendered":"<p>[et_pb_section fb_built=\u00a0\u00bb1&Prime; custom_padding_last_edited=\u00a0\u00bbon|desktop\u00a0\u00bb admin_label=\u00a0\u00bbsection\u00a0\u00bb module_class=\u00a0\u00bbhomecontent\u00a0\u00bb _builder_version=\u00a0\u00bb4.24.0&Prime; custom_padding_tablet=\u00a0\u00bb50px|0|50px|0&Prime; custom_padding_phone=\u00a0\u00bb\u00a0\u00bb hover_enabled=\u00a0\u00bb0&Prime; custom_css_main_element=\u00a0\u00bbbackground-color:#f3f8fb;\u00a0\u00bb transparent_background=\u00a0\u00bbon\u00a0\u00bb padding_mobile=\u00a0\u00bboff\u00a0\u00bb make_fullwidth=\u00a0\u00bboff\u00a0\u00bb use_custom_width=\u00a0\u00bboff\u00a0\u00bb width_unit=\u00a0\u00bbon\u00a0\u00bb global_colors_info=\u00a0\u00bb{}\u00a0\u00bb background_enable_image=\u00a0\u00bboff\u00a0\u00bb background_enable_color=\u00a0\u00bboff\u00a0\u00bb sticky_enabled=\u00a0\u00bb0&Prime;][et_pb_row column_structure=\u00a0\u00bb3_4,1_4&Prime; padding_mobile=\u00a0\u00bbon\u00a0\u00bb column_padding_mobile=\u00a0\u00bbon\u00a0\u00bb custom_padding_last_edited=\u00a0\u00bbon|phone\u00a0\u00bb admin_label=\u00a0\u00bbrow\u00a0\u00bb module_class=\u00a0\u00bbmain-row-bg main-row\u00a0\u00bb _builder_version=\u00a0\u00bb4.16&Prime; background_size=\u00a0\u00bbinitial\u00a0\u00bb background_position=\u00a0\u00bbtop_left\u00a0\u00bb background_repeat=\u00a0\u00bbrepeat\u00a0\u00bb custom_padding=\u00a0\u00bb0px|0px|0px|0px\u00a0\u00bb custom_padding_tablet=\u00a0\u00bb\u00a0\u00bb custom_padding_phone=\u00a0\u00bb\u00a0\u00bb make_fullwidth=\u00a0\u00bboff\u00a0\u00bb use_custom_width=\u00a0\u00bboff\u00a0\u00bb width_unit=\u00a0\u00bbon\u00a0\u00bb global_colors_info=\u00a0\u00bb{}\u00a0\u00bb][et_pb_column type=\u00a0\u00bb3_4&Prime; _builder_version=\u00a0\u00bb4.16&Prime; custom_padding=\u00a0\u00bb25px|20px|25px|20px\u00a0\u00bb custom_padding_tablet=\u00a0\u00bb20px|20px|20px|20px\u00a0\u00bb custom_padding_phone=\u00a0\u00bb15px|10px|10px|10px\u00a0\u00bb custom_padding_last_edited=\u00a0\u00bbon|desktop\u00a0\u00bb custom_css_main_element=\u00a0\u00bbbackground-color:#fff;\u00a0\u00bb global_colors_info=\u00a0\u00bb{}\u00a0\u00bb custom_padding__hover=\u00a0\u00bb|||\u00a0\u00bb][et_pb_text admin_label=\u00a0\u00bbMain Content Area\u00a0\u00bb _builder_version=\u00a0\u00bb4.16&Prime; background_size=\u00a0\u00bbinitial\u00a0\u00bb background_position=\u00a0\u00bbtop_left\u00a0\u00bb background_repeat=\u00a0\u00bbrepeat\u00a0\u00bb use_border_color=\u00a0\u00bboff\u00a0\u00bb border_color=\u00a0\u00bb#ffffff\u00a0\u00bb border_style=\u00a0\u00bbsolid\u00a0\u00bb global_colors_info=\u00a0\u00bb{}\u00a0\u00bb]<\/p>\n<h1>Le point sur la formation dans la sursp\u00e9cialit\u00e9 de la m\u00e9decine interne g\u00e9n\u00e9rale<\/h1>\n<p>La grande majorit\u00e9 des programmes de m\u00e9decine interne g\u00e9n\u00e9rale au Canada sont devenus des entit\u00e9s distinctes offrant une formation qui d\u00e9passe le cadre de la formation dans la sp\u00e9cialit\u00e9 de la m\u00e9decine interne tant sur le plan des comp\u00e9tences que du leadership. En d\u00e9cembre 2010, le Coll\u00e8ge royal des m\u00e9decins et chirurgiens du Canada est venu couronner des ann\u00e9es d\u2019efforts en d\u00e9cr\u00e9tant que la m\u00e9decine interne g\u00e9n\u00e9rale \u00e9tait bel et bien une sursp\u00e9cialit\u00e9 \u00e0 part enti\u00e8re. Le Coll\u00e8ge royal a approuv\u00e9 les objectifs et les exigences de la formation et les normes pr\u00e9cises d\u2019agr\u00e9ment de ce \u00ab nouveau \u00bb programme de deux ans en m\u00e9decine interne g\u00e9n\u00e9rale.<\/p>\n<p>En 2013, les facult\u00e9s de m\u00e9decine pourront pr\u00e9senter la demande d\u2019agr\u00e9ment de leur programme de formation en m\u00e9decine interne g\u00e9n\u00e9rale au Coll\u00e8ge royal. Nous pr\u00e9voyons que 80 % des universit\u00e9s canadiennes offriront un programme agr\u00e9\u00e9 de formation de deux ans dans la sursp\u00e9cialit\u00e9 de la m\u00e9decine interne g\u00e9n\u00e9rale aux r\u00e9sidents de 4e ann\u00e9e en juillet 2014. Ces programmes formeront des m\u00e9decins chefs de file, aptes \u00e0 relever les grands d\u00e9fis de l\u2019avenir dans le secteur de la sant\u00e9, notamment le vieillissement de la population, les multiples maladies concomitantes et la n\u00e9cessit\u00e9 d\u2019innover. Le passage ci-dessous, tir\u00e9 de l\u2019\u00e9nonc\u00e9 des objectifs de la formation en m\u00e9decine interne g\u00e9n\u00e9rale qui para\u00eet sur le <a href=\"http:\/\/royalcollege.ca\/\" target=\"_blank\" rel=\"noopener\">site Web<\/a> du Coll\u00e8ge royal des m\u00e9decins et chirurgiens du Canada, r\u00e9sume ce mandat.<\/p>\n<p><em>La m\u00e9decine interne g\u00e9n\u00e9rale est une sursp\u00e9cialit\u00e9 de la m\u00e9decine interne qui int\u00e8gre les valeurs du g\u00e9n\u00e9ralisme, est sensible aux besoins de la population et pr\u00e9conise l\u2019adaptation du mode de pratique du m\u00e9decin lorsque les besoins de la population changent. Les internistes g\u00e9n\u00e9ralistes sont pr\u00e9par\u00e9s \u00e0 diagnostiquer et \u00e0 prendre en charge les probl\u00e8mes de sant\u00e9 courants ou \u00e9mergents qui rel\u00e8vent de la m\u00e9decine interne, que le probl\u00e8me se pr\u00e9sente seul ou en compagnie d\u2019autres troubles de sant\u00e9 et lorsque l\u2019acc\u00e8s aux autres sursp\u00e9cialit\u00e9s est limit\u00e9. Les internistes g\u00e9n\u00e9ralistes prodiguent des soins complets \u00e0 des patients adultes dans une perspective globale par opposition \u00e0 la d\u00e9marche diagnostique et th\u00e9rapeutique ax\u00e9e sur un organe ou une maladie. Ils sont en mesure de maintenir la stabilit\u00e9 des patients pr\u00e9sentant des troubles multiples \u00e0 long terme ou durant une p\u00e9riode de stress physiologique, telles la grossesse ou la p\u00e9riode p\u00e9riop\u00e9ratoire. Les internistes g\u00e9n\u00e9ralistes se portent \u00e0 la d\u00e9fense de leurs patients et de tous les patients au sein des syst\u00e8mes complexes de prestation de soins de sant\u00e9, dans l\u2019optique d\u2019optimiser les soins plut\u00f4t que de les maximiser et de pr\u00e9venir d\u2019autres maladies. Ils savent que l\u2019exercice de la m\u00e9decine est intimement li\u00e9 \u00e0 l\u2019art et \u00e0 la science de la prestation de soins de sant\u00e9 et que, en raison de leur r\u00f4le central, ils occupent une place distinctive dans l\u2019am\u00e9lioration de la qualit\u00e9 des services de sant\u00e9, la promotion de la s\u00e9curit\u00e9 des patients et l\u2019innovation dans les syst\u00e8mes de sant\u00e9.<\/em><\/p>\n<p>The vast majority of General Internal Medicine (GIM) programs in Canada have become distinct entities that provide training in additional competencies and leadership above and beyond those required for the specialty of Internal Medicine. In December 2010, after many years of effort, General Internal Medicine finally achieved recognition as a distinct subspecialty by the Royal College of Physicians and Surgeons of Canada. All documentation (objectives of training, specialty training requirements, specific standards of accreditation) for the \u201cnew\u201d two year training program in GIM has now been approved by the Royal College.<\/p>\n<p>Starting in 2013, programs are applying to the Royal College to become accredited GIM subspecialty training programs. Currently it is anticipated that 80 % of Canadian Universities will have an accredited two-year GIM subspecialty training program for the entry class of PGY4\u2019s in July 2014. GIM subspecialty programs are poised to train physician-leaders who will address the health care challenges of the future, including an aging population, patients with multiple comorbidities and simultaneous health care issues, and the need for health care innovation. This mandate is summarized in the following excerpt from the Objectives of Training in General Internal Medicine (<a href=\"http:\/\/www.royalcollege.ca\/portal\/page\/portal\/rc\/public\" target=\"_blank\" rel=\"noopener\">Royal College of Physicians and Surgeons of Canada website<\/a>).<\/p>\n<p>General Internal Medicine is a subspecialty of Internal Medicine which embraces the values of generalism, is aligned with population needs, and promotes the practitioner\u2019s ability to adapt their practice profile when population needs change. General Internists are prepared to diagnose and manage patients with common and emergency internal medicine conditions, and are able to do so when the individual has multiple conditions and with limited access to other subspecialists. General Internists provide comprehensive care of the adult patient in an integrated fashion as opposed to an organ-centred or disease-centred approach. They are prepared to maintain stability of patients with multisystem disorders over the long-term or during physiological stresses such as during pregnancy or the peri-operative period. General Internists advocate for their individual patients as well as for all patients within complex healthcare delivery systems, by aiming to optimize and not maximize care, including prevention of other conditions. General Internists recognize that the practice of medicine is tightly linked to the art and science of health care delivery and, by virtue of their pivotal role are uniquely placed to engage in quality improvement, patient safety, and healthcare systems initiatives.<\/p>\n<p>Les programmes peuvent \u00eatre trouv\u00e9s au site Wed de <a href=\"https:\/\/www.carms.ca\/fr\/jumelage\/jumelage-des-specialites-medicales\/\">CARMS<\/a> et\/ou du <a href=\"http:\/\/www.royalcollege.ca\/rcsite\/documents\/arps\/gen-internal-medicine-f\">Coll\u00e8ge Royal.<\/a><br \/>\n[\/et_pb_text][\/et_pb_column][et_pb_column type=\u00a0\u00bb1_4&Prime; module_class=\u00a0\u00bbhome-widget\u00a0\u00bb disabled_on=\u00a0\u00bbon|on|off\u00a0\u00bb _builder_version=\u00a0\u00bb4.16&Prime; background_color=\u00a0\u00bb#f6f8fb\u00a0\u00bb custom_padding=\u00a0\u00bb25px||10px|\u00a0\u00bb custom_padding_tablet=\u00a0\u00bb20px|10px|10px|10px\u00a0\u00bb custom_padding_phone=\u00a0\u00bb\u00a0\u00bb custom_padding_last_edited=\u00a0\u00bbon|phone\u00a0\u00bb custom_css_main_element=\u00a0\u00bbbackground-color:#f6f8fb;\u00a0\u00bb global_colors_info=\u00a0\u00bb{}\u00a0\u00bb custom_padding__hover=\u00a0\u00bb|||\u00a0\u00bb][et_pb_sidebar orientation=\u00a0\u00bbright\u00a0\u00bb area=\u00a0\u00bbet_pb_widget_area_12&Prime; admin_label=\u00a0\u00bbInner Sidebar 1&Prime; module_class=\u00a0\u00bbinner-sidebar\u00a0\u00bb _builder_version=\u00a0\u00bb4.16&Prime; remove_border=\u00a0\u00bboff\u00a0\u00bb global_colors_info=\u00a0\u00bb{}\u00a0\u00bb][\/et_pb_sidebar][\/et_pb_column][\/et_pb_row][et_pb_row column_structure=\u00a0\u00bb1_3,2_3&Prime; disabled_on=\u00a0\u00bboff|off|on\u00a0\u00bb _builder_version=\u00a0\u00bb4.16&Prime; _module_preset=\u00a0\u00bbdefault\u00a0\u00bb global_colors_info=\u00a0\u00bb{}\u00a0\u00bb][et_pb_column type=\u00a0\u00bb1_3&Prime; _builder_version=\u00a0\u00bb4.16&Prime; _module_preset=\u00a0\u00bbdefault\u00a0\u00bb global_colors_info=\u00a0\u00bb{}\u00a0\u00bb][et_pb_sidebar orientation=\u00a0\u00bbright\u00a0\u00bb area=\u00a0\u00bbet_pb_widget_area_12&Prime; admin_label=\u00a0\u00bbInner Sidebar 1&Prime; module_class=\u00a0\u00bbinner-sidebar\u00a0\u00bb _builder_version=\u00a0\u00bb4.16&Prime; remove_border=\u00a0\u00bboff\u00a0\u00bb global_colors_info=\u00a0\u00bb{}\u00a0\u00bb][\/et_pb_sidebar][\/et_pb_column][et_pb_column type=\u00a0\u00bb2_3&Prime; _builder_version=\u00a0\u00bb4.16&Prime; _module_preset=\u00a0\u00bbdefault\u00a0\u00bb global_colors_info=\u00a0\u00bb{}\u00a0\u00bb][\/et_pb_column][\/et_pb_row][\/et_pb_section]<\/p>\n","protected":false},"excerpt":{"rendered":"<p>Le point sur la formation dans la sursp\u00e9cialit\u00e9 de la m\u00e9decine interne g\u00e9n\u00e9rale La grande majorit\u00e9 des programmes de m\u00e9decine interne g\u00e9n\u00e9rale au Canada sont devenus des entit\u00e9s distinctes offrant une formation qui d\u00e9passe le cadre de la formation dans la sp\u00e9cialit\u00e9 de la m\u00e9decine interne tant sur le plan des comp\u00e9tences que du leadership. [&hellip;]<\/p>\n","protected":false},"author":2,"featured_media":0,"parent":0,"menu_order":40,"comment_status":"open","ping_status":"closed","template":"","meta":{"_et_pb_use_builder":"on","_et_pb_old_content":"","_et_gb_content_width":"","_monsterinsights_skip_tracking":false,"_monsterinsights_sitenote_active":false,"_monsterinsights_sitenote_note":"","_monsterinsights_sitenote_category":0,"footnotes":""},"class_list":["post-462","page","type-page","status-publish","hentry"],"_links":{"self":[{"href":"https:\/\/csim.ca\/fr\/wp-json\/wp\/v2\/pages\/462","targetHints":{"allow":["GET"]}}],"collection":[{"href":"https:\/\/csim.ca\/fr\/wp-json\/wp\/v2\/pages"}],"about":[{"href":"https:\/\/csim.ca\/fr\/wp-json\/wp\/v2\/types\/page"}],"author":[{"embeddable":true,"href":"https:\/\/csim.ca\/fr\/wp-json\/wp\/v2\/users\/2"}],"replies":[{"embeddable":true,"href":"https:\/\/csim.ca\/fr\/wp-json\/wp\/v2\/comments?post=462"}],"version-history":[{"count":3,"href":"https:\/\/csim.ca\/fr\/wp-json\/wp\/v2\/pages\/462\/revisions"}],"predecessor-version":[{"id":19060,"href":"https:\/\/csim.ca\/fr\/wp-json\/wp\/v2\/pages\/462\/revisions\/19060"}],"wp:attachment":[{"href":"https:\/\/csim.ca\/fr\/wp-json\/wp\/v2\/media?parent=462"}],"curies":[{"name":"wp","href":"https:\/\/api.w.org\/{rel}","templated":true}]}}

Le point sur la formation dans la surspécialité de la médecine interne générale

<p>[et_pb_section fb_built= »1&Prime; custom_padding_last_edited= »on|desktop » admin_label= »section » module_class= »homecontent » _builder_version= »4.24.0&Prime; custom_padding_tablet= »50px|0|50px|0&Prime; custom_padding_phone= » » hover_enabled= »0&Prime; custom_css_main_element= »background-color:#f3f8fb; » transparent_background= »on » padding_mobile= »off » make_fullwidth= »off » use_custom_width= »off » width_unit= »on » global_colors_info= »{} » background_enable_image= »off » background_enable_color= »off » sticky_enabled= »0&Prime;][et_pb_row column_structure= »3_4,1_4&Prime; padding_mobile= »on » column_padding_mobile= »on » custom_padding_last_edited= »on|phone » admin_label= »row » module_class= »main-row-bg main-row » _builder_version= »4.16&Prime; background_size= »initial » background_position= »top_left » background_repeat= »repeat » custom_padding= »0px|0px|0px|0px » custom_padding_tablet= » » custom_padding_phone= » » make_fullwidth= »off » use_custom_width= »off » width_unit= »on » global_colors_info= »{} »][et_pb_column type= »3_4&Prime; _builder_version= »4.16&Prime; custom_padding= »25px|20px|25px|20px » custom_padding_tablet= »20px|20px|20px|20px » custom_padding_phone= »15px|10px|10px|10px » custom_padding_last_edited= »on|desktop » custom_css_main_element= »background-color:#fff; » global_colors_info= »{} » custom_padding__hover= »||| »][et_pb_text admin_label= »Main Content Area » _builder_version= »4.16&Prime; background_size= »initial » background_position= »top_left » background_repeat= »repeat » use_border_color= »off » border_color= »#ffffff » border_style= »solid » global_colors_info= »{} »]</p>
<h1>Le point sur la formation dans la surspécialité de la médecine interne générale</h1>
<p>La grande majorité des programmes de médecine interne générale au Canada sont devenus des entités distinctes offrant une formation qui dépasse le cadre de la formation dans la spécialité de la médecine interne tant sur le plan des compétences que du leadership. En décembre 2010, le Collège royal des médecins et chirurgiens du Canada est venu couronner des années d’efforts en décrétant que la médecine interne générale était bel et bien une surspécialité à part entière. Le Collège royal a approuvé les objectifs et les exigences de la formation et les normes précises d’agrément de ce « nouveau » programme de deux ans en médecine interne générale.</p>
<p>En 2013, les facultés de médecine pourront présenter la demande d’agrément de leur programme de formation en médecine interne générale au Collège royal. Nous prévoyons que 80 % des universités canadiennes offriront un programme agréé de formation de deux ans dans la surspécialité de la médecine interne générale aux résidents de 4e année en juillet 2014. Ces programmes formeront des médecins chefs de file, aptes à relever les grands défis de l’avenir dans le secteur de la santé, notamment le vieillissement de la population, les multiples maladies concomitantes et la nécessité d’innover. Le passage ci-dessous, tiré de l’énoncé des objectifs de la formation en médecine interne générale qui paraît sur le <a href="http://royalcollege.ca/" target="_blank" rel="noopener">site Web</a> du Collège royal des médecins et chirurgiens du Canada, résume ce mandat.</p>
<p><em>La médecine interne générale est une surspécialité de la médecine interne qui intègre les valeurs du généralisme, est sensible aux besoins de la population et préconise l’adaptation du mode de pratique du médecin lorsque les besoins de la population changent. Les internistes généralistes sont préparés à diagnostiquer et à prendre en charge les problèmes de santé courants ou émergents qui relèvent de la médecine interne, que le problème se présente seul ou en compagnie d’autres troubles de santé et lorsque l’accès aux autres surspécialités est limité. Les internistes généralistes prodiguent des soins complets à des patients adultes dans une perspective globale par opposition à la démarche diagnostique et thérapeutique axée sur un organe ou une maladie. Ils sont en mesure de maintenir la stabilité des patients présentant des troubles multiples à long terme ou durant une période de stress physiologique, telles la grossesse ou la période périopératoire. Les internistes généralistes se portent à la défense de leurs patients et de tous les patients au sein des systèmes complexes de prestation de soins de santé, dans l’optique d’optimiser les soins plutôt que de les maximiser et de prévenir d’autres maladies. Ils savent que l’exercice de la médecine est intimement lié à l’art et à la science de la prestation de soins de santé et que, en raison de leur rôle central, ils occupent une place distinctive dans l’amélioration de la qualité des services de santé, la promotion de la sécurité des patients et l’innovation dans les systèmes de santé.</em></p>
<p>The vast majority of General Internal Medicine (GIM) programs in Canada have become distinct entities that provide training in additional competencies and leadership above and beyond those required for the specialty of Internal Medicine. In December 2010, after many years of effort, General Internal Medicine finally achieved recognition as a distinct subspecialty by the Royal College of Physicians and Surgeons of Canada. All documentation (objectives of training, specialty training requirements, specific standards of accreditation) for the “new” two year training program in GIM has now been approved by the Royal College.</p>
<p>Starting in 2013, programs are applying to the Royal College to become accredited GIM subspecialty training programs. Currently it is anticipated that 80 % of Canadian Universities will have an accredited two-year GIM subspecialty training program for the entry class of PGY4’s in July 2014. GIM subspecialty programs are poised to train physician-leaders who will address the health care challenges of the future, including an aging population, patients with multiple comorbidities and simultaneous health care issues, and the need for health care innovation. This mandate is summarized in the following excerpt from the Objectives of Training in General Internal Medicine (<a href="http://www.royalcollege.ca/portal/page/portal/rc/public" target="_blank" rel="noopener">Royal College of Physicians and Surgeons of Canada website</a>).</p>
<p>General Internal Medicine is a subspecialty of Internal Medicine which embraces the values of generalism, is aligned with population needs, and promotes the practitioner’s ability to adapt their practice profile when population needs change. General Internists are prepared to diagnose and manage patients with common and emergency internal medicine conditions, and are able to do so when the individual has multiple conditions and with limited access to other subspecialists. General Internists provide comprehensive care of the adult patient in an integrated fashion as opposed to an organ-centred or disease-centred approach. They are prepared to maintain stability of patients with multisystem disorders over the long-term or during physiological stresses such as during pregnancy or the peri-operative period. General Internists advocate for their individual patients as well as for all patients within complex healthcare delivery systems, by aiming to optimize and not maximize care, including prevention of other conditions. General Internists recognize that the practice of medicine is tightly linked to the art and science of health care delivery and, by virtue of their pivotal role are uniquely placed to engage in quality improvement, patient safety, and healthcare systems initiatives.</p>
<p>Les programmes peuvent être trouvés au site Wed de <a href="https://www.carms.ca/fr/jumelage/jumelage-des-specialites-medicales/">CARMS</a> et/ou du <a href="http://www.royalcollege.ca/rcsite/documents/arps/gen-internal-medicine-f">Collège Royal.</a><br />
[/et_pb_text][/et_pb_column][et_pb_column type= »1_4&Prime; module_class= »home-widget » disabled_on= »on|on|off » _builder_version= »4.16&Prime; background_color= »#f6f8fb » custom_padding= »25px||10px| » custom_padding_tablet= »20px|10px|10px|10px » custom_padding_phone= » » custom_padding_last_edited= »on|phone » custom_css_main_element= »background-color:#f6f8fb; » global_colors_info= »{} » custom_padding__hover= »||| »][et_pb_sidebar orientation= »right » area= »et_pb_widget_area_12&Prime; admin_label= »Inner Sidebar 1&Prime; module_class= »inner-sidebar » _builder_version= »4.16&Prime; remove_border= »off » global_colors_info= »{} »][/et_pb_sidebar][/et_pb_column][/et_pb_row][et_pb_row column_structure= »1_3,2_3&Prime; disabled_on= »off|off|on » _builder_version= »4.16&Prime; _module_preset= »default » global_colors_info= »{} »][et_pb_column type= »1_3&Prime; _builder_version= »4.16&Prime; _module_preset= »default » global_colors_info= »{} »][et_pb_sidebar orientation= »right » area= »et_pb_widget_area_12&Prime; admin_label= »Inner Sidebar 1&Prime; module_class= »inner-sidebar » _builder_version= »4.16&Prime; remove_border= »off » global_colors_info= »{} »][/et_pb_sidebar][/et_pb_column][et_pb_column type= »2_3&Prime; _builder_version= »4.16&Prime; _module_preset= »default » global_colors_info= »{} »][/et_pb_column][/et_pb_row][/et_pb_section]</p>

<p>Le point sur la formation dans la surspécialité de la médecine interne générale La grande majorité des programmes de médecine interne générale au Canada sont devenus des entités distinctes offrant une formation qui dépasse le cadre de la formation dans la spécialité de la médecine interne tant sur le plan des compétences que du leadership. [&hellip;]</p>
