{"id":22968,"date":"2026-02-23T13:34:40","date_gmt":"2026-02-23T18:34:40","guid":{"rendered":"https:\/\/csim.ca\/?page_id=22968"},"modified":"2026-02-23T13:56:52","modified_gmt":"2026-02-23T18:56:52","slug":"comite","status":"publish","type":"page","link":"https:\/\/csim.ca\/fr\/education\/congres-annuel-scmi-2026\/comite\/","title":{"rendered":"Comit\u00e9 du Congr\u00e8s annuel"},"content":{"rendered":"<p>[et_pb_section fb_built=\u00a0\u00bb1&Prime; admin_label=\u00a0\u00bbCSIM Annual Meeting 2023&Prime; _builder_version=\u00a0\u00bb4.20.0&Prime; custom_margin=\u00a0\u00bb0px|25px||25px|false|true\u00a0\u00bb custom_padding=\u00a0\u00bb2em||40px||false|false\u00a0\u00bb top_divider_height=\u00a0\u00bb35px\u00a0\u00bb top_divider_flip=\u00a0\u00bbvertical\u00a0\u00bb animation_style=\u00a0\u00bbzoom\u00a0\u00bb animation_intensity_zoom=\u00a0\u00bb10%\u00a0\u00bb global_colors_info=\u00a0\u00bb{}\u00a0\u00bb][et_pb_row disabled_on=\u00a0\u00bboff|off|off\u00a0\u00bb _builder_version=\u00a0\u00bb4.20.0&Prime; _module_preset=\u00a0\u00bbdefault\u00a0\u00bb background_enable_color=\u00a0\u00bboff\u00a0\u00bb global_colors_info=\u00a0\u00bb{}\u00a0\u00bb][et_pb_column type=\u00a0\u00bb4_4&Prime; _builder_version=\u00a0\u00bb4.16&Prime; _module_preset=\u00a0\u00bbdefault\u00a0\u00bb global_colors_info=\u00a0\u00bb{}\u00a0\u00bb][et_pb_text admin_label=\u00a0\u00bbSave the date\u00a0\u00bb _builder_version=\u00a0\u00bb4.27.4&Prime; text_text_color=\u00a0\u00bb#000000&Prime; background_size=\u00a0\u00bbinitial\u00a0\u00bb background_position=\u00a0\u00bbtop_left\u00a0\u00bb background_repeat=\u00a0\u00bbrepeat\u00a0\u00bb use_border_color=\u00a0\u00bboff\u00a0\u00bb border_color=\u00a0\u00bb#ffffff\u00a0\u00bb border_style=\u00a0\u00bbsolid\u00a0\u00bb global_colors_info=\u00a0\u00bb{}\u00a0\u00bb]<\/p>\n<h1 style=\"text-align: center;\"><strong>Congr\u00e8s annuel de la SCMI 2026<\/strong><\/h1>\n<h3 style=\"text-align: center;\"><strong>En collaboration avec<br \/><\/strong><\/h3>\n<p>[\/et_pb_text][et_pb_image src=\u00a0\u00bbhttps:\/\/csim.ca\/wp-content\/uploads\/2026\/02\/ASMIQ-ACP-FR.png\u00a0\u00bb title_text=\u00a0\u00bbASMIQ-ACP FR\u00a0\u00bb align=\u00a0\u00bbcenter\u00a0\u00bb _builder_version=\u00a0\u00bb4.27.4&Prime; _module_preset=\u00a0\u00bbdefault\u00a0\u00bb width=\u00a0\u00bb90%\u00a0\u00bb global_colors_info=\u00a0\u00bb{}\u00a0\u00bb][\/et_pb_image][\/et_pb_column][\/et_pb_row][et_pb_row column_structure=\u00a0\u00bb2_3,1_3&Prime; disabled_on=\u00a0\u00bboff|off|off\u00a0\u00bb _builder_version=\u00a0\u00bb4.27.4&Prime; _module_preset=\u00a0\u00bbdefault\u00a0\u00bb background_enable_color=\u00a0\u00bboff\u00a0\u00bb hover_enabled=\u00a0\u00bb0&Prime; global_colors_info=\u00a0\u00bb{}\u00a0\u00bb sticky_enabled=\u00a0\u00bb0&Prime;][et_pb_column type=\u00a0\u00bb2_3&Prime; _builder_version=\u00a0\u00bb4.16&Prime; _module_preset=\u00a0\u00bbdefault\u00a0\u00bb global_colors_info=\u00a0\u00bb{}\u00a0\u00bb][et_pb_text admin_label=\u00a0\u00bbAMC\u00a0\u00bb _builder_version=\u00a0\u00bb4.27.4&Prime; text_text_color=\u00a0\u00bb#000000&Prime; background_size=\u00a0\u00bbinitial\u00a0\u00bb background_position=\u00a0\u00bbtop_left\u00a0\u00bb background_repeat=\u00a0\u00bbrepeat\u00a0\u00bb use_border_color=\u00a0\u00bboff\u00a0\u00bb border_color=\u00a0\u00bb#ffffff\u00a0\u00bb border_style=\u00a0\u00bbsolid\u00a0\u00bb global_colors_info=\u00a0\u00bb{}\u00a0\u00bb]<\/p>\n<h3 style=\"text-align: center;\"><strong>Nos sinc\u00e8res remerciements au Comit\u00e9 du Congr\u00e8s annuel de la SCMI 2026<\/strong><\/h3>\n<div class=\"et_pb_module et_pb_text et_pb_text_2  et_pb_text_align_left et_pb_bg_layout_light\">\n<div class=\"et_pb_text_inner\">\n<p><strong><br \/>Dre Mich\u00e8le Mahone, Co-directrice du comit\u00e9<br \/><\/strong>Montr\u00e9al (QC)<\/p>\n<p><strong>Dre Vicky Tagalakis, Co-directrice du comit\u00e9<br \/><\/strong>Montr\u00e9al (QC)<\/p>\n<p><strong>Dr Steve Shadowitz, Vice-pr\u00e9sident du comit\u00e9<br \/><\/strong>Toronto (ON)<\/p>\n<p><strong>Dr Matthew Ades<br \/><\/strong>Montr\u00e9al (QC)<\/p>\n<p><strong>Dre Saman Ahmad<br \/><\/strong>Montr\u00e9al (QC)<\/p>\n<p><strong>Dre St\u00e9phanie-Kim C\u00e9rat<br \/><\/strong>Montr\u00e9al (QC)<\/p>\n<p><strong>Dre Laura Chisick<br \/><\/strong>Winnipeg (MB)<\/p>\n<p><strong>Dre Sophie Grand\u2019Maison<br \/><\/strong>Montr\u00e9al (QC)<\/p>\n<p><strong>Dre Emmanuelle Marceau-Ferron<br \/><\/strong>St-Lambert (QC)<\/p>\n<p><strong>Dre Jordana Serero<br \/><\/strong>Montr\u00e9al (QC)<\/p>\n<p><strong>Dre Krista Wooller<br \/><\/strong>Ottawa (ON)<\/p>\n<\/div>\n<\/div>\n<p>[\/et_pb_text][\/et_pb_column][et_pb_column type=\u00a0\u00bb1_3&Prime; _builder_version=\u00a0\u00bb4.16&Prime; _module_preset=\u00a0\u00bbdefault\u00a0\u00bb global_colors_info=\u00a0\u00bb{}\u00a0\u00bb][et_pb_sidebar area=\u00a0\u00bbet_pb_widget_area_29&Prime; show_border=\u00a0\u00bboff\u00a0\u00bb disabled_on=\u00a0\u00bboff|off|off\u00a0\u00bb _builder_version=\u00a0\u00bb4.27.4&Prime; _module_preset=\u00a0\u00bbdefault\u00a0\u00bb header_font=\u00a0\u00bb|700|||||||\u00a0\u00bb header_text_color=\u00a0\u00bb#000000&Prime; body_font=\u00a0\u00bb|600|||||||\u00a0\u00bb body_text_color=\u00a0\u00bb#000000&Prime; body_font_size=\u00a0\u00bb16px\u00a0\u00bb body_line_height=\u00a0\u00bb1.8em\u00a0\u00bb global_colors_info=\u00a0\u00bb{}\u00a0\u00bb][\/et_pb_sidebar][\/et_pb_column][\/et_pb_row][et_pb_row column_structure=\u00a0\u00bb3_4,1_4&Prime; disabled_on=\u00a0\u00bboff|off|off\u00a0\u00bb _builder_version=\u00a0\u00bb4.20.0&Prime; _module_preset=\u00a0\u00bbdefault\u00a0\u00bb background_enable_color=\u00a0\u00bboff\u00a0\u00bb global_colors_info=\u00a0\u00bb{}\u00a0\u00bb][et_pb_column type=\u00a0\u00bb3_4&Prime; _builder_version=\u00a0\u00bb4.16&Prime; _module_preset=\u00a0\u00bbdefault\u00a0\u00bb global_colors_info=\u00a0\u00bb{}\u00a0\u00bb][et_pb_social_media_follow _builder_version=\u00a0\u00bb4.16&Prime; _module_preset=\u00a0\u00bbdefault\u00a0\u00bb text_orientation=\u00a0\u00bbcenter\u00a0\u00bb global_colors_info=\u00a0\u00bb{}\u00a0\u00bb][et_pb_social_media_follow_network social_network=\u00a0\u00bbtwitter\u00a0\u00bb url=\u00a0\u00bbhttp:\/\/twitter.com\/CSIMSCMI\u00a0\u00bb _builder_version=\u00a0\u00bb4.22.2&Prime; _module_preset=\u00a0\u00bbdefault\u00a0\u00bb background_color=\u00a0\u00bb#000000&Prime; global_colors_info=\u00a0\u00bb{}\u00a0\u00bb follow_button=\u00a0\u00bboff\u00a0\u00bb url_new_window=\u00a0\u00bbon\u00a0\u00bb]twitter[\/et_pb_social_media_follow_network][\/et_pb_social_media_follow][\/et_pb_column][et_pb_column type=\u00a0\u00bb1_4&Prime; _builder_version=\u00a0\u00bb4.16&Prime; _module_preset=\u00a0\u00bbdefault\u00a0\u00bb global_colors_info=\u00a0\u00bb{}\u00a0\u00bb][\/et_pb_column][\/et_pb_row][\/et_pb_section]<\/p>\n","protected":false},"excerpt":{"rendered":"<p>Congr\u00e8s annuel de la SCMI 2026 En collaboration avecNos sinc\u00e8res remerciements au Comit\u00e9 du Congr\u00e8s annuel de la SCMI 2026 Dre Mich\u00e8le Mahone, Co-directrice du comit\u00e9Montr\u00e9al (QC) Dre Vicky Tagalakis, Co-directrice du comit\u00e9Montr\u00e9al (QC) Dr Steve Shadowitz, Vice-pr\u00e9sident du comit\u00e9Toronto (ON) Dr Matthew AdesMontr\u00e9al (QC) Dre Saman AhmadMontr\u00e9al (QC) Dre St\u00e9phanie-Kim C\u00e9ratMontr\u00e9al (QC) Dre Laura [&hellip;]<\/p>\n","protected":false},"author":4,"featured_media":0,"parent":22910,"menu_order":0,"comment_status":"closed","ping_status":"closed","template":"","meta":{"_et_pb_use_builder":"on","_et_pb_old_content":"","_et_gb_content_width":"","_monsterinsights_skip_tracking":false,"_monsterinsights_sitenote_active":false,"_monsterinsights_sitenote_note":"","_monsterinsights_sitenote_category":0,"footnotes":""},"class_list":["post-22968","page","type-page","status-publish","hentry"],"_links":{"self":[{"href":"https:\/\/csim.ca\/fr\/wp-json\/wp\/v2\/pages\/22968","targetHints":{"allow":["GET"]}}],"collection":[{"href":"https:\/\/csim.ca\/fr\/wp-json\/wp\/v2\/pages"}],"about":[{"href":"https:\/\/csim.ca\/fr\/wp-json\/wp\/v2\/types\/page"}],"author":[{"embeddable":true,"href":"https:\/\/csim.ca\/fr\/wp-json\/wp\/v2\/users\/4"}],"replies":[{"embeddable":true,"href":"https:\/\/csim.ca\/fr\/wp-json\/wp\/v2\/comments?post=22968"}],"version-history":[{"count":3,"href":"https:\/\/csim.ca\/fr\/wp-json\/wp\/v2\/pages\/22968\/revisions"}],"predecessor-version":[{"id":23016,"href":"https:\/\/csim.ca\/fr\/wp-json\/wp\/v2\/pages\/22968\/revisions\/23016"}],"up":[{"embeddable":true,"href":"https:\/\/csim.ca\/fr\/wp-json\/wp\/v2\/pages\/22910"}],"wp:attachment":[{"href":"https:\/\/csim.ca\/fr\/wp-json\/wp\/v2\/media?parent=22968"}],"curies":[{"name":"wp","href":"https:\/\/api.w.org\/{rel}","templated":true}]}}

Comité du Congrès annuel

<p>[et_pb_section fb_built= »1&Prime; admin_label= »CSIM Annual Meeting 2023&Prime; _builder_version= »4.20.0&Prime; custom_margin= »0px|25px||25px|false|true » custom_padding= »2em||40px||false|false » top_divider_height= »35px » top_divider_flip= »vertical » animation_style= »zoom » animation_intensity_zoom= »10% » global_colors_info= »{} »][et_pb_row disabled_on= »off|off|off » _builder_version= »4.20.0&Prime; _module_preset= »default » background_enable_color= »off » global_colors_info= »{} »][et_pb_column type= »4_4&Prime; _builder_version= »4.16&Prime; _module_preset= »default » global_colors_info= »{} »][et_pb_text admin_label= »Save the date » _builder_version= »4.27.4&Prime; text_text_color= »#000000&Prime; background_size= »initial » background_position= »top_left » background_repeat= »repeat » use_border_color= »off » border_color= »#ffffff » border_style= »solid » global_colors_info= »{} »]</p>
<h1 style="text-align: center;"><strong>Congrès annuel de la SCMI 2026</strong></h1>
<h3 style="text-align: center;"><strong>En collaboration avec<br /></strong></h3>
<p>[/et_pb_text][et_pb_image src= »https://csim.ca/wp-content/uploads/2026/02/ASMIQ-ACP-FR.png » title_text= »ASMIQ-ACP FR » align= »center » _builder_version= »4.27.4&Prime; _module_preset= »default » width= »90% » global_colors_info= »{} »][/et_pb_image][/et_pb_column][/et_pb_row][et_pb_row column_structure= »2_3,1_3&Prime; disabled_on= »off|off|off » _builder_version= »4.27.4&Prime; _module_preset= »default » background_enable_color= »off » hover_enabled= »0&Prime; global_colors_info= »{} » sticky_enabled= »0&Prime;][et_pb_column type= »2_3&Prime; _builder_version= »4.16&Prime; _module_preset= »default » global_colors_info= »{} »][et_pb_text admin_label= »AMC » _builder_version= »4.27.4&Prime; text_text_color= »#000000&Prime; background_size= »initial » background_position= »top_left » background_repeat= »repeat » use_border_color= »off » border_color= »#ffffff » border_style= »solid » global_colors_info= »{} »]</p>
<h3 style="text-align: center;"><strong>Nos sincères remerciements au Comité du Congrès annuel de la SCMI 2026</strong></h3>
<div class="et_pb_module et_pb_text et_pb_text_2  et_pb_text_align_left et_pb_bg_layout_light">
<div class="et_pb_text_inner">
<p><strong><br />Dre Michèle Mahone, Co-directrice du comité<br /></strong>Montréal (QC)</p>
<p><strong>Dre Vicky Tagalakis, Co-directrice du comité<br /></strong>Montréal (QC)</p>
<p><strong>Dr Steve Shadowitz, Vice-président du comité<br /></strong>Toronto (ON)</p>
<p><strong>Dr Matthew Ades<br /></strong>Montréal (QC)</p>
<p><strong>Dre Saman Ahmad<br /></strong>Montréal (QC)</p>
<p><strong>Dre Stéphanie-Kim Cérat<br /></strong>Montréal (QC)</p>
<p><strong>Dre Laura Chisick<br /></strong>Winnipeg (MB)</p>
<p><strong>Dre Sophie Grand’Maison<br /></strong>Montréal (QC)</p>
<p><strong>Dre Emmanuelle Marceau-Ferron<br /></strong>St-Lambert (QC)</p>
<p><strong>Dre Jordana Serero<br /></strong>Montréal (QC)</p>
<p><strong>Dre Krista Wooller<br /></strong>Ottawa (ON)</p>
</div>
</div>
<p>[/et_pb_text][/et_pb_column][et_pb_column type= »1_3&Prime; _builder_version= »4.16&Prime; _module_preset= »default » global_colors_info= »{} »][et_pb_sidebar area= »et_pb_widget_area_29&Prime; show_border= »off » disabled_on= »off|off|off » _builder_version= »4.27.4&Prime; _module_preset= »default » header_font= »|700||||||| » header_text_color= »#000000&Prime; body_font= »|600||||||| » body_text_color= »#000000&Prime; body_font_size= »16px » body_line_height= »1.8em » global_colors_info= »{} »][/et_pb_sidebar][/et_pb_column][/et_pb_row][et_pb_row column_structure= »3_4,1_4&Prime; disabled_on= »off|off|off » _builder_version= »4.20.0&Prime; _module_preset= »default » background_enable_color= »off » global_colors_info= »{} »][et_pb_column type= »3_4&Prime; _builder_version= »4.16&Prime; _module_preset= »default » global_colors_info= »{} »][et_pb_social_media_follow _builder_version= »4.16&Prime; _module_preset= »default » text_orientation= »center » global_colors_info= »{} »][et_pb_social_media_follow_network social_network= »twitter » url= »http://twitter.com/CSIMSCMI » _builder_version= »4.22.2&Prime; _module_preset= »default » background_color= »#000000&Prime; global_colors_info= »{} » follow_button= »off » url_new_window= »on »]twitter[/et_pb_social_media_follow_network][/et_pb_social_media_follow][/et_pb_column][et_pb_column type= »1_4&Prime; _builder_version= »4.16&Prime; _module_preset= »default » global_colors_info= »{} »][/et_pb_column][/et_pb_row][/et_pb_section]</p>

<p>Congrès annuel de la SCMI 2026 En collaboration avecNos sincères remerciements au Comité du Congrès annuel de la SCMI 2026 Dre Michèle Mahone, Co-directrice du comitéMontréal (QC) Dre Vicky Tagalakis, Co-directrice du comitéMontréal (QC) Dr Steve Shadowitz, Vice-président du comitéToronto (ON) Dr Matthew AdesMontréal (QC) Dre Saman AhmadMontréal (QC) Dre Stéphanie-Kim CératMontréal (QC) Dre Laura [&hellip;]</p>
